rue
Is 34948908 a multiple of 27?
True
Does 39 divide 20841810?
False
Is 72374055 a multiple of 15?
True
Is 38 a factor of 77178?
True
Is 869839380 a multiple of 342?
True
Is 816241374 a multiple of 243?
True
Is 2 a factor of 20092338?
True
Is 156447200 a multiple of 1040?
True
Is 318374941 a multiple of 433?
True
Is 1836 a factor of 172484856?
True
Does 10 divide 779224170?
True
Does 33 divide 35200771?
False
Does 15 divide 81485204?
False
Is 19 a factor of 81379337?
True
Is 75 a factor of 1406038?
False
Is 48294846 a multiple of 221?
False
Is 146 a factor of 359999500?
True
Does 98 divide 822808098?
True
Does 24 divide 2103954?
False
Is 546 a factor of 254935995?
False
Is 7523168770 a multiple of 13?
True
Is 5868872 a multiple of 2825?
False
Is 2433350 a multiple of 10?
True
Is 379287697 a multiple of 39?
False
Is 905697870 a multiple of 770?
True
Is 20982202 a multiple of 337?
False
Does 9 divide 9454005?
True
Is 45723249 a multiple of 143?
True
Is 853 a factor of 17725340?
True
Does 93 divide 440904252?
False
Is 268310160 a multiple of 30?
True
Is 2047440220 a multiple of 1442?
False
Is 3251 a factor of 287294058?
False
Is 285271 a multiple of 2?
False
Is 399554588 a multiple of 44?
False
Is 1185162189 a multiple of 35?
False
Is 261 a factor of 1006270362?
True
Is 2115379343 a multiple of 9163?
True
Does 12 divide 1386477730?
False
Is 4286235 a multiple of 15?
True
Is 638564095 a multiple of 485?
True
Does 20 divide 2256716?
False
Does 2716 divide 17450300?
True
Does 3012 divide 36622486?
False
Is 5 a factor of 3137007?
False
Is 195 a factor of 33760935?
True
Does 131 divide 52761036?
True
Is 266 a factor of 16016102?
False
Is 69650097 a multiple of 8?
False
Is 230194004 a multiple of 44?
False
Does 97 divide 59099869?
True
Does 7 divide 1336433461?
False
Is 633837696 a multiple of 8?
True
Is 1069519725 a multiple of 9073?
False
Is 1844207628 a multiple of 229?
False
Does 23 divide 2697187?
True
Is 8 a factor of 4744379?
False
Does 3039 divide 37893291?
True
Is 330398051 a multiple of 7?
False
Is 5996 a factor of 878527924?
True
Does 139 divide 134402436?
True
Is 26 a factor of 911981265?
False
Is 276905800 a multiple of 4?
True
Does 21 divide 606888051?
True
Does 30 divide 21225904?
False
Does 719 divide 181985557?
False
Does 410 divide 43902390?
True
Is 7 a factor of 11825375?
False
Does 21 divide 422865897?
False
Is 21 a factor of 59367434?
False
Does 342 divide 3220956?
True
Is 589343604 a multiple of 6?
True
Does 28 divide 19173080?
False
Is 46432335 a multiple of 145?
True
Is 1525 a factor of 14123025?
True
Does 4706 divide 382856630?
True
Is 9764 a factor of 1636797904?
True
Is 892 a factor of 50656680?
True
Does 5651 divide 1157256988?
True
Is 39 a factor of 863581758?
True
Is 1312 a factor of 350242336?
True
Does 5 divide 43948345?
True
Is 2247054509 a multiple of 7511?
False
Is 958863750 a multiple of 50?
True
Does 129 divide 4129312188?
True
Is 1051057267 a multiple of 7752?
False
Is 41035640 a multiple of 10?
True
Does 1328 divide 1030187543?
False
Is 326263914 a multiple of 662?
False
Does 28 divide 746860688?
True
Is 9 a factor of 242797140?
True
Is 2138 a factor of 249158244?
True
Is 105 a factor of 476587650?
True
Is 470 a factor of 2420303990?
False
Does 253 divide 1546828901?
False
Does 50 divide 3354900?
True
Does 110 divide 2135474191?
False
Is 42 a factor of 46403299?
False
Is 5348 a factor of 155056740?
False
Does 468 divide 38509380?
True
Is 23871135 a multiple of 2?
False
Is 61239219 a multiple of 283?
True
Is 1192 a factor of 483593208?
True
Is 6261375 a multiple of 90?
False
Does 451 divide 42921308?
False
Is 105757280 a multiple of 80?
True
Is 1842230956 a multiple of 2998?
False
Is 21013460 a multiple of 13?
True
Is 125158490 a multiple of 290?
True
Is 137 a factor of 102618051?
False
Does 4 divide 217711309?
False
Does 32 divide 26885568?
True
Does 79 divide 14591114?
False
Does 391 divide 41357781?
False
Is 518425958 a multiple of 6660?
False
Is 185462355 a multiple of 15?
True
Does 326 divide 568478800?
True
Is 49679909 a multiple of 139?
False
Is 22320129 a multiple of 39?
True
Does 39 divide 61508811?
True
Does 14 divide 46988074?
True
Does 13 divide 6052995?
True
Is 178519474 a multiple of 96?
False
Is 229 a factor of 13657975?
False
Does 15 divide 5862630?
True
Is 653928950 a multiple of 2150?
True
Is 53 a factor of 149284146?
True
Is 113 a factor of 4397734?
True
Does 1800 divide 1376053200?
True
Does 3341 divide 1105414484?
False
Does 310 divide 1327108140?
True
Is 77 a factor of 39237369?
False
Is 19 a factor of 11658145?
False
Is 4256 a factor of 128999360?
True
Is 692 a factor of 35217402?
False
Does 105 divide 74697172?
False
Is 1988 a factor of 148168792?
False
Does 7 divide 15103655?
True
Is 2674 a factor of 145826590?
True
Does 66 divide 16539329?
False
Is 39 a factor of 48820567?
False
Does 48 divide 2712888?
False
Does 87 divide 16592031?
True
Does 18 divide 64838292?
False
Does 346 divide 1258541?
False
Is 1356 a factor of 1066041819?
False
Is 3750 a factor of 110272500?
True
Is 18537505 a multiple of 232?
False
Is 9202951 a multiple of 198?
False
Is 30316712 a multiple of 8?
True
Is 19 a factor of 17085330?
False
Is 30 a factor of 594482178?
False
Is 50 a factor of 1206016300?
True
Does 47 divide 58844987?
True
Is 641150886 a multiple of 6?
True
Does 79 divide 218026962?
False
Is 82318573 a multiple of 47?
True
Does 30 divide 20379406?
False
Is 772 a factor of 363132405?
False
Is 1476 a factor of 2810581488?
True
Is 40 a factor of 9247567?
False
Does 82 divide 4105759?
False
Is 86834934 a multiple of 1907?
False
Does 120 divide 48042002?
False
Does 435 divide 37080705?
True
Is 428 a factor of 1380300?
True
Is 1267997183 a multiple of 5?
False
Is 15 a factor of 983544434?
False
Is 656501156 a multiple of 821?
True
Is 10 a factor of 2653404363?
False
Does 1608 divide 7386463?
False
Does 15 divide 105967136?
False
Does 1064 divide 73509632?
True
Is 1635 a factor of 86913343?
False
Is 609960 a multiple of 78?
True
Is 8 a factor of 23007437?
False
Does 384 divide 31981056?
True
Does 2 divide 7909528?
True
Is 28 a factor of 13721512?
True
Does 2819 divide 77283229?
False
Is 97 a factor of 109001647?
False
Does 2949 divide 161655333?
True
Is 39 a factor of 25584085?
False
Is 216612957 a multiple of 111?
False
Is 1327 a factor of 236333392?
True
Is 13243320 a multiple of 30?
True
Is 315 a factor of 1785207647?
False
Is 235941495 a multiple of 217?
False
Is 11497658 a multiple of 15?
False
Is 144 a factor of 45939168?
True
Is 493 a factor of 78245906?
False
Is 77 a factor of 2286618180?
True
Is 1805 a factor of 333944855?
True
Does 1423 divide 60215668?
True
Does 1659 divide 16278228?
False
Does 58 divide 2748286152?
True
Does 1489 divide 81604597?
False
Is 16415212 a multiple of 44?
True
Does 435 divide 6640634?
False
Is 1214 a factor of 16643940?
True
Is 45 a factor of 167659471?
False
Is 1606 a factor of 108628234?
True
Does 20 divide 392952320?
True
Is 3 a factor of 28492314?
True
Is 4687449 a multiple of 206?
False
Is 479 a factor of 43672676?
False
Is 72 a factor of 45264240?
True
Does 30 divide 630167326?
False
Is 75759384 a multiple of 144?
False
Does 749 divide 1838699765?
False
Is 126864384 a multiple of 677?
True
Does 65 divide 4952260300?
True
Is 453 a factor of 697963374?
True
Does 6 divide 81627368?
False
Is 27165335 a multiple of 357?
False
Is 29 a factor of 348250995?
True
Is 177 a factor of 250128315?
False
Is 206 a factor of 10991748?
True
Does 277 divide 30047771?
False
Does 34 divide 128877442?
True
Does 1501 divide 52730130?
True
Is 2474459143 a multiple of 2126?
False
Is 57 a factor of 153170685?
True
Is 841 a factor of 115917697?
False
Is 513345084 a multiple of 14?
True
Does 713 divide 991127002?
False
Does 38 divide 1241614678?
False
Is 180 a factor of 470272564?
False
Is 5619607 a multiple of 69?
False
Is 163741880 a multiple of 3412?
True
Does 26 divide 487601583?
False
Does 12 divide 5560537128?
True
Is 47 a factor of 79197338?
False
Does 67 divide 1888453?
False
Does 521 divide 163513766?
True
Is 873930860 a multiple of 10?
True
Is 55197848 a multiple of 3?
False
Does 96 divide 84387936?
True
Does 25 divide 17256884?
False
Does 16 divide 7120480?
True
Is 5159 a factor